10 + 4 = 0, s - 3*m = 19. What is the remainder when 34 is divided by s?
6
Suppose 4*h = 5*d + h - 185, 5*h + 195 = 5*d. Let c(y) = y**2 + 18*y + 82. What is the remainder when d is divided by c(-12)?
4
Suppose 5*o + 784 = -h + 866, 2*o - 52 = 2*h. What is the remainder when 5848 is divided by o?
16
Suppose -9768 = -2216*s + 2179*s. Calculate the remainder when 548 is divided by s.
20
Let p be ((-176)/132)/(1/(-159)). Suppose p*h + 522 = 221*h. What is the remainder when h is divided by 15?
13
Suppose -31545*w + 31558*w - 247 = 0. Let b = -296 + 445. What is the remainder when b is divided by w?
16
Let j = 292 - 118. Let c = j + -146. Calculate the remainder when 501 is divided by c.
25
Let k = 11651 + -10899. What is the remainder when k is divided by 185?
12
Let u(c) = -2*c**3 + 22*c**2 + 38*c - 318. Calculate the remainder when 637 is divided by u(11).
37
Suppose -203 = t - 79. Calculate the remainder when 139 is divided by t/(4/(-1)) + -3.
27
Let c be (-2480)/272 + 4/34. Let w be c/18*(-1 - -31). Calculate the remainder when 11 is divided by ((-1)/(-3))/((-1)/w).
1
Suppose 19 - 9 = k. Suppose 3*o = r + 4, -5*r - 35 = -k*r + 4*o. Let z(s) = -6*s - 6. Calculate the remainder when z(-6) is divided by r.
8
What is the remainder when -54*3/(9/(-12)) - (2 - 0) is divided by 65?
19
Let j(y) = -y**3 - y - 3. Let t(c) = -7*c**3 - 12*c**2 + 14*c + 1. Let s(o) = -4*j(o) + t(o). Calculate the remainder when 466 is divided by s(-6).
103
Suppose 4*c - 212 = -u, 0*u - 5*u = -c + 53. Suppose -4*r - 5 = -c. What is the remainder when 50 is divided by r?
2
Let z(v) = -v**3 + 2*v + 1. Let f be z(-1). Suppose 2*r - 6 = 0, 4*r = -f*j - j + 68. Let g = -6 + j. Calculate the remainder when 147 is divided by g.
47
Let m be (-10 + 9)*(-152 + 4). Suppose 15*b = 2758 - m. What is the remainder when b is divided by 7?
6
Suppose -2*j = u + 653, u = 5*j + 2154 - 539. Let m = -305 - j. What is the remainder when 187 is divided by m?
16
Suppose 89 = 3*f + 35. Let g = 307 - 196. Suppose -c - 4*c = 2*d - g, 3*d = -5*c + 179. What is the remainder when d is divided by f?
14
What is the remainder when (-9513)/(-24) - ((-834)/(-48) + -17) is divided by 199?
197
Suppose -64 = -u - 64. Suppose u = p + p + g - 47, -p + 2*g + 21 = 0. Calculate the remainder when 132 is divided by p.
17
Let t = -8 + 12. Suppose -t*s + 5*m = -6 - 35, -3*m = -3*s + 33. Calculate the remainder when 60/40 + (-198)/(-4) is divided by s.
9
Let c(i) = 10*i - 57. Suppose 0 = 10*x + 15 - 95. What is the remainder when 63 is divided by c(x)?
17
Let w(m) = 3*m**3 + m**2 + 13*m - 42. Let k be w(5). Suppose 2*l - 206 = -4*y + 190, 2*l - 5*y - k = 0. What is the remainder when l is divided by 21?
15
Let m be (0 - -1) + -1 + 1. Suppose 4*o - 152 = 4*w, -o + 3*w - 17 = -61. Calculate the remainder when -134*(0 - m/2) is divided by o.
32
Suppose 9 = 2*y + 7*w - 2*w, -3*w + 39 = 4*y. Calculate the remainder when 372/(-465) - 698/(-10) is divided by y.
9
Let q(o) = -o**3 - 8*o**2 + 23*o + 11. Let g be q(-9). Let x = g + 143. What is the remainder when x is divided by 44/6 - 2/(-3)?
4
Let w(m) = -m**2 + 7*m + 3. Let p be w(9). Let g be -4*96/p - (-3)/(-5). Calculate the remainder when 4/10 + 640/g is divided by 7.
5
Let c(m) = m**2 + m - 4. Let l = 1305 + -1270. Calculate the remainder when l is divided by c(-6).
9
Suppose 290 = 2*u + 3*u. Let k = u - 21. Suppose -183*a + 148*a + 3815 = 0. What is the remainder when a is divided by k?
35
Let w = -13204 + 13216. Calculate the remainder when 2230 is divided by w.
10
Let v(d) = -d**3 + 2*d**2 + d - 4. Let m be v(3). Let x = 35 + -11. What is the remainder when (0 - 70/(-4))/(m/(-40)) is divided by x?
22
Suppose 908 = 161*c - 1829. Calculate the remainder when 1890 is divided by c.
3
Calculate the remainder when 21759 is divided by (1*-6)/((-50)/(-52000)*-39).
159
Suppose 2*h - 14 + 6 = 0. Suppose 3*b = 3*m - h*m + 135, 3*m = -2*b + 384. What is the remainder when m is divided by (-96)/(-10)*(6 + (-8)/3)?
30
Suppose 77*j = 24750 - 8585 + 9322. What is the remainder when 360 is divided by j?
29
Let q(k) = 10*k**2 + 7*k + 556. Calculate the remainder when q(-22) is divided by 49.
48
Suppose 139 = 2*v - 3*x, 0 = -2*v - 523*x + 522*x + 159. What is the remainder when 3538 is divided by v?
73
What is the remainder when 24370/(-40)*(-26 + 22) is divided by 22?
17
Suppose 0 = 4*r - 43 + 3. Suppose 2*s = -3*s - r, 3*s + 8 = q. Suppose 0 = -4*p + 3*f + 45 + 11, 0 = q*p + f - 38. What is the remainder when p is divided by 7?
3
Let g be ((-84)/70)/((-3)/10). Suppose 4*w - j = 2*j + 156, 5*w - 194 = g*j. What is the remainder when w is divided by ((-4)/(-5) + -2)/(3/(-40))?
10
Let u(l) = l**3 + 7*l**2 + 5*l - 7. Let h be u(-6). Let k(n) = -2*n + 13. Calculate the remainder when 208 is divided by k(h).
13
Let b(w) = 113*w**2 + 11*w - 13. Calculate the remainder when b(1) is divided by 99.
12
Suppose -10*o + 52 = -5*o - 3*k, -2*k = -2*o + 24. Suppose 6 = -o*y + 78. Calculate the remainder when 58 is divided by y.
4
Suppose -2*p = -4*r + 2*p + 10220, -4*r + 10226 = 2*p. Suppose -12*j = -0*j - r. What is the remainder when j is divided by 27?
24
Let s(x) = 39*x + 4514. What is the remainder when s(-109) is divided by 253?
10
Let p(x) = 60*x + 131. Calculate the remainder when p(-2) is divided by (1/(-1))/((-4)/20).
1
What is the remainder when 277 is divided by -17 + 2 + -15 + 86?
53
Suppose 5*d - 2*y - 126 = 0, 5*y = -81*d + 80*d + 9. What is the remainder when 5228 is divided by d?
20
Let z(w) = -2*w**2 + w - 4. Let l(r) = -3*r**2 + 7*r - 33. Let u(s) = l(s) - 5*z(s). Let a = -14 - -10. What is the remainder when u(a) is divided by 23?
22
Suppose -70 = -6*y + y. Let b(t) = -t**3 - 2*t**2 + t. Calculate the remainder when ((-8)/(-10))/(y/490) is divided by b(-3).
4
Let q(s) = 18*s**2 + 259*s - 161. Calculate the remainder when q(-16) is divided by 44.
39
Suppose -5*s + 4836 = 3*l + 775, 0 = -4*s - 2*l + 3248. Let z = -757 + s. What is the remainder when 262 is divided by z?
46
Suppose 4*g + 140 = 4*i, 4*i = 357*g - 359*g + 128. Calculate the remainder when 126 is divided by i.
27
Let u = -818 - -2203. What is the remainder when u is divided by 42?
41
Suppose 288 = 373*r - 357*r. Suppose -4*t + 670 = -34. Calculate the remainder when t is divided by r.
14
Let o = -60 - -140. Suppose -23*v + 4913 - 1079 = 119*v. Calculate the remainder when o is divided by v.
26
Let h(p) = p**2 - 22*p - 274. Let t = -51 + 83. What is the remainder when h(-11) is divided by t?
25
Suppose 3*w - 8*i = -13*i + 1606, 0 = 5*w - 2*i - 2656. Calculate the remainder when w is divided by 177.
1
Suppose -2*j - 1 - 4 = 5*i, 0 = -5*j - 3*i + 35. Suppose -j*o = 210 + 250. Let f = o + 91. Calculate the remainder when f is divided by 28.
17
Let k = 550 - -192. What is the remainder when k is divided by 241?
19
Let d(n) = 11*n**2 + 26*n + 33. What is the remainder when 722 is divided by d(-3)?
20
Suppose 0 = -4*a - 4, -2211 = -4*j - 5*a - 28. What is the remainder when j is divided by 59?
16
Suppose -4*q - 4*k = 6 - 18, q = 2*k. Let t be 2 + q/2 + 5. Let f = 11 + t. Calculate the remainder when 130 is divided by f.
16
Let t(y) = -y**2 + 16*y - 30. Let o be t(14). What is the remainder when 92 is divided by 10*(88/55)/(o - -4)?
4
Let y be (-134)/(-8) + 9/36. Let b(a) = 9*a - 139. Calculate the remainder when 55 is divided by b(y).
13
Let v = -2619 + 2634. Calculate the remainder when 85 is divided by v.
10
Suppose -o + 70 = 6*o. Calculate the remainder when (4/o)/(5 - 774/155) is divided by 21.
20
Let l(o) = -o**3 + 43*o**2 + 297*o - 3. Calculate the remainder when l(49) is divided by 22.
12
Let w(j) be the first derivative of j**3/3 + j**2/2 + 4*j - 15. Let v be w(-3). Suppose -5*x + v*x = 185. What is the remainder when x is divided by 13?
11
Suppose -t + 2*k + 93 = 0, 4*t + 3*k - 339 = -0*t. Suppose 9*y = -a + 11*y + 32, -a + 25 = -3*y. Calculate the remainder when t is divided by a.
41
Let a(g) = -g**2 + 50*g - 46. Let p be a(46). Suppose p = 37*c - 2378. Suppose 20 = -2*m + 4*m. What is the remainder when c is divided by m?
8
Suppose -6*c = -1994 - 1657 + 363. Calculate the remainder when c is divided by 23.
19
Calculate the remainder when 274 is divided by 1/7*7 - -11.
10
Let p = -159 - -45. Let s be 4 + 74*(-3